- 9848211. Give b(302).
9
Let t(y) = -47*y - 2697. Determine t(-66).
405
Let s(c) = 106821*c + 6516087. Calculate s(-61).
6
Let l(h) = -238*h + 8574. Determine l(21).
3576
Let i(q) = -181*q**2 + 6140*q + 445. Determine i(34).
-31
Let t(c) = -c**2 + 47*c + 3734. What is t(92)?
-406
Let f(u) = -972*u - 22465. Give f(-23).
-109
Let a(t) = 1392*t + 43228. Calculate a(-31).
76
Let x(n) = 19822*n - 3904934. What is x(197)?
0
Let f(o) = 388*o + 5200. What is f(-13)?
156
Let y(v) = -1373*v**2 + 6865*v + 2. Determine y(5).
2
Let m(a) = -5*a**3 + 412*a**2 + 37403*a + 35. Calculate m(137).
309
Let d(n) = n**2 - 137*n + 6134. Give d(98).
2312
Let x(y) = -6*y**3 - 1523*y**2 + 279*y + 6343. Determine x(-254).
-7
Let j(p) = 7629*p - 76291. Calculate j(10).
-1
Let m(g) = 2*g**2 - 1558*g + 22868. What is m(15)?
-52
Let d(c) = 2*c**3 + 14*c**2 - 2210*c - 10987. Determine d(-5).
163
Let l(c) = -31*c - 95. Calculate l(-17).
432
Let o(c) = -4*c**2 - 8783*c - 102648. Calculate o(-2184).
0
Let y(c) = -524*c**3 + 8387*c**2 - 70*c + 356. Give y(16).
4
Let h(l) = -280*l - 1086. What is h(-8)?
1154
Let l(y) = 4*y**3 - 543*y**2 - 1250*y - 171. Determine l(138).
-1275
Let f(j) = 7795*j + 33631. What is f(-4)?
2451
Let y(w) = -77167*w - 154334. What is y(-2)?
0
Let h(l) = -20*l**3 + 18*l**2 + l - 7. Give h(0).
-7
Let s(a) = -2*a**2 + 153*a - 1647. Give s(83).
-2726
Let v(h) = -7062*h - 141244. Give v(-20).
-4
Let p(n) = -n**3 + 155*n**2 + 93*n + 8869. Give p(156).
-959
Let s(m) = 4*m**2 - 310078*m - 2480884. What is s(-8)?
-4
Let a(g) = -3*g**3 + 106*g**2 - 917*g + 2267. What is a(7)?
13
Let s(v) = -28933*v - 9171761. Calculate s(-317).
0
Let m(l) = -105*l**3 + 18*l**2 + 17*l - 33. Determine m(1).
-103
Let o(q) = -7445*q + 14931. What is o(2)?
41
Let w(p) = -p**3 + 11*p**2 - 167*p + 3031. Calculate w(15).
-374
Let p(i) = -i**3 - 61*i**2 + 551*i + 22972. Calculate p(-64).
-4
Let x(o) = 186342*o - 1304400. Calculate x(7).
-6
Let u(n) = -26726*n + 881911. Determine u(33).
-47
Let w(o) = -23*o**3 + 9*o**2 + 5*o - 5. Give w(-2).
205
Let a(x) = -1956*x**2 + 228*x - 1. Give a(-1).
-2185
Let c(d) = 31*d**2 + 260*d - 531. Give c(-10).
-31
Let n(t) = -24549*t + 24520. Give n(1).
-29
Let l(t) = 13720*t - 68698. Determine l(5).
-98
Let p(a) = -12*a + 1229. Determine p(11).
1097
Let u(n) = 2*n**2 - 267*n - 9860. What is u(163)?
-243
Let v(k) = k**2 + 225*k + 6553. Determine v(-34).
59
Let c(j) = 166*j**2 + 3337*j + 331. Calculate c(-20).
-9
Let m(i) = -155*i**2 - 1098*i - 64. Determine m(-7).
27
Let g(j) = 9*j**3 + 106*j**2 + 85*j - 7. What is g(-11)?
-95
Let a(r) = 8*r**3 - 255*r**2 - 33*r + 23. Calculate a(32).
-9
Let q(n) = 1770*n - 24693. What is q(17)?
5397
Let z(s) = 7543*s + 160283. Give z(-21).
1880
Let v(f) = -16*f**3 - 1046*f**2 + 1034*f + 13. What is v(1)?
-15
Let z(c) = -c**3 - 106*c**2 - 550*c + 23589. Calculate z(12).
-3
Let b(z) = -2*z**2 + 392*z - 17992. Determine b(123).
-34
Let b(t) = -39162*t - 783155. Give b(-20).
85
Let u(w) = -w**3 + 5*w**2 - 346*w + 1386. What is u(4)?
18
Let j(r) = -11*r**3 - 61*r**2 - 155*r - 627. What is j(-5)?
-2
Let b(q) = q**2 + 375*q + 8448. Calculate b(-25).
-302
Let g(l) = -1159*l + 6677. Give g(6).
-277
Let s(q) = -49*q + 5495. Calculate s(118).
-287
Let s(f) = -35*f - 5664. What is s(-151)?
-379
Let z(o) = 9536*o + 639272. Determine z(-67).
360
Let k(q) = -279476*q - 3074239. Calculate k(-11).
-3
Let i(q) = -530*q - 4230. Determine i(-8).
10
Let k(z) = 181*z**2 + 130*z - 133. What is k(1)?
178
Let r(b) = 5165*b - 16054. Give r(3).
-559
Let z(u) = 27113*u + 44817789. Give z(-1653).
0
Let h(x) = 4*x**3 - 51*x**2 + 26*x - 41. Calculate h(12).
-161
Let d(n) = 3*n**2 - 152*n + 2776. Determine d(21).
907
Let b(p) = -47348*p - 189404. Determine b(-4).
-12
Let g(t) = -13*t**2 + 228*t + 1898. Give g(22).
622
Let g(i) = 122*i**2 - 10363*i - 584. Determine g(85).
11
Let z(n) = -3*n**3 + 4852*n**2 - 3*n + 15. Determine z(0).
15
Let k(p) = -p**3 + 21*p**2 - 2896*p + 71235. What is k(24)?
3
Let s(l) = 78*l - 5562. Determine s(58).
-1038
Let z(w) = -37*w**2 - 2201*w - 10369. Give z(-5).
-289
Let z(a) = -3415*a - 402979. Calculate z(-118).
-9
Let m(z) = z**2 - 26*z - 40226. Determine m(214).
6
Let y(j) = j**3 - 10*j**2 - 175*j - 17. Calculate y(19).
-93
Let t(j) = 3559*j - 92569. What is t(26)?
-35
Let h(y) = -4*y**3 + 1124*y**2 - 3*y + 849. Give h(281).
6
Let f(v) = -2*v**2 - 1176*v - 9215. Calculate f(-8).
65
Let o(z) = z**3 - 14*z**2 - 3*z - 242. What is o(14)?
-284
Let y(f) = 635*f - 2314. Determine y(4).
226
Let b(s) = s**3 - 128*s**2 + 408*s - 35725. Calculate b(127).
-38
Let y(d) = 4*d**2 - 698*d + 24974. What is y(123)?
-364
Let v(o) = 5*o**2 - 705*o - 40478. Calculate v(-44).
222
Let r(k) = -307247*k - 27652228. What is r(-90)?
2
Let h(a) = -a**3 - 227*a**2 - 2399*a - 4999. What is h(-216)?
-31
Let y(b) = 20338*b**2 + 264393*b - 4. Determine y(-13).
9
Let z(m) = -19*m**2 + 619*m - 3724. Calculate z(6).
-694
Let q(w) = 62*w**3 + 927*w**2 + 41*w - 43. What is q(-15)?
-1333
Let t(z) = -18252*z + 164428. Give t(9).
160
Let k(i) = 7*i**2 + 237*i + 676. What is k(-3)?
28
Let d(i) = -125564*i + 627815. Give d(5).
-5
Let m(b) = -2*b**3 + b**2 - 44*b + 42. Determine m(3).
-135
Let n(k) = -10*k**2 - 1807*k - 13309. Calculate n(-173).
12
Let m(f) = 9417*f + 106300. Calculate m(-11).
2713
Let o(q) = -q**3 - 23*q**2 - 23*q - 47. Calculate o(-15).
-1502
Let c(y) = -y**3 - 98*y**2 + 161*y + 25044. Calculate c(-97).
18
Let b(x) = 70306*x - 562449. Determine b(8).
-1
Let t(g) = 18*g**2 - 883*g + 4016. What is t(44)?
12
Let d(t) = -669*t**3 + 3*t**2 + 259*t - 262. What is d(1)?
-669
Let f(v) = 2558*v - 10263. Give f(4).
-31
Let y(l) = 2209*l**2 + 24304*l + 63. Give y(-11).
8
Let a(q) = 25495*q - 2014111. Give a(79).
-6
Let d(v) = 2346*v - 661570. Calculate d(282).
2
Let k(x) = x**2 - 21*x - 1675. Give k(67).
1407
Let p(d) = -7*d**2 - 50*d - 12. What is p(-8)?
-60
Let s(b) = 26*b**3 - 105*b**2 + 200*b - 767. Calculate s(4).
17
Let h(i) = i**2 - 44*i + 712. Determine h(56).
1384
Let j(y) = -2*y**2 + 1734*y - 8634. Calculate j(5).
-14
Let i(n) = -395*n + 3889. Determine i(10).
-61
Let w(o) = o**3 + 17*o**2 - 5*o - 113. Determine w(-17).
-28
Let v(k) = -19742*k + 3948411. Determine v(200).
11
Let m(z) = -z**3 - z**2 + 1539*z + 9288. What is m(-6)?
234
Let j(z) = 3*z**2 - 312*z + 1611. Determine j(5).
126
Let b(v) = -7*v**3 - 4116*v**2 + 4128*v + 2954. Calculate b(-589).
9
Let h(t) = t**3 + 199*t**2 - 1224*t - 41597. Give h(-204).
19
Let f(h) = -302*h**2 + 5881*h + 3179. Determine f(20).
-1
Let u(w) = -327*w + 11312. Calculate u(36).
-460
Let w(s) = 277*s - 5536. What is w(18)?
-550
Let i(z) = 5620*z - 17033. What is i(3)?
-173
Let c(s) = -s**3 - 2*s**2 - 3044*s - 12205. Give c(-4).
3
Let y(g) = g**2 + 1856*g - 26187. Determine y(14).
-7
Let c(t) = -365*t - 6217. Calculate c(-17).
-12
Let c(x) = 52*x + 8302. Give c(-142).
918
Let i(y) = -12*y**3 + 62*y**2 - 69*y - 11. What is i(4)?
-63
Let a(s) = -7*s**3 + 221*s**2 + 126*s - 94. Calculate a(-1).
8
Let d(t) = 7850*t - 211838. Give d(27).
112
Let k(n) = -2*n**2 + 5967*n - 47578. Give k(8).
30
Let u(a) = 2*a**2 + 90*a + 170. What is u(-37)?
-422
Let k(t) = 24*t**2 + 3683*t - 47725. Determine k(13).
4210
Let n(b) = -27*b**2 + 616*b - 3496. Determine n(12).
8
Let k(f) = 4*f**2 - 35051*f + 210297. What is k(6)?
135
Let n(j) = 350*j - 9921. What is n(27)?
-471
Let s(z) = 3*z**2 - 735*z + 27932. What is s(198)?
14
Let b(w) = w**2 + 934*w + 86375. Give b(-104).
55
Let q(u) = -149450*u + 149453. Determine q(1).
3
Let w(o) = -18*o**2 + 305*o + 645. What is w(-2)?
-37
Let h(o) = 6282*o - 2343188. What is h(373)?
-2
Let t(z) = -2*z**3 - 56*z**2 - 639*z - 15775. Calculate t(-27).
20
Let u(x) = -2*x**2 + 105*x - 932. Calculate u(43).
-115
Let h(q) = -q**3 - 91*q**2 - 811*q - 40240. Determine h(-87).
41
Let b(c) = 102*c - 354. Give b(8).
462
Let z(b) = 3*b**3 + 2*b**2 - 117*b + 572. What is z(6)?
590
Let q(p) = -2409*p + 149246. Calculate q(62).
-112
Let f(m) = 3*m**3 + 20*m**2 - 108*m - 41. Give f(-10).
39
Let l(q) = 27472*q + 1208767. Calculate l(-44).
-1
Let d(s) = 9749*s + 1004164. Determine d(-103).
17
Let n(k) = k**3 + 16*k**2 - 536*k + 1051. What is n(15)?
-14
Let q(c) = -3501*c - 633687. Calculate q(-181).
-6
Let j(g)